(-4 - 8) + 7 + -8 + -9.
-22
-5 + -2 + 16 + 0 - 8
1
8 + (4 - (10 - 7)) + 3
12
What is the value of -36 - (10 - -8 - 39)?
-15
4 - (15 + -30 + 17 - 11)
13
What is the value of -9 - (-2 + (8 + 1 - 9) - 1)?
-6
16 + 13 - (-13 - -74)
-32
Calculate 0 + -5 + 1 + 1 - (-152 - -132).
17
Evaluate (6 + -19 - -8) + 10.
5
Evaluate 36 + -44 + (1 - -4) - -6.
3
What is -4 + 11 + (-18 - (-14 + 5))?
-2
(-20 + 21 - 19) + 20
2
What is the value of 5 + 7 - (7 + -7 + -2 + -4)?
18
What is the value of 2 + 30 - (-91 + 108)?
15
What is the value of 9 + (-1 - 6) + (84 - 79) + 16?
23
What is the value of (-2 - (1 - 9)) + (-31 - (42 + -67))?
0
Evaluate (1 - 8) + (15 - (-9 + 19)).
-2
What is 3 + -1 + (6 - (-7 - -4)) + 1?
12
(-26 - 0) + 66 + -34
6
Calculate (-1 - -4) + (-240 - -233).
-4
Evaluate (-5 + 3 - 0) + 7 + -3 + -11.
-9
What is the value of (16 - -3) + (46 + -42 - 11)?
12
Calculate -6 - (98 + -108 + (-3 - -19)).
-12
Evaluate (-4 - (-3 - -4)) + (-2 - 3).
-10
-25 + 28 + -1 + -3 + -12
-13
Evaluate -11 - (12 + -10) - -8.
-5
-12 - (-111 + 103 - ((-2 - 1) + -1))
-8
Evaluate (23 - (4 + 9)) + 2.
12
What is -20 - (-14 - (19 + -33))?
-20
Calculate -5 + -1 - (33 + -32) - -4.
-3
What is (23 + -15 - 30) + 14 - (0 - 20)?
12
Evaluate -1 - 5 - (-101 + 91) - 13.
-9
Evaluate (1 - (-9 - -1)) + -796 + 780.
-7
What is the value of -34 + -28 + 65 + (-30 - 0)?
-27
What is the value of (4 - 6) + 9 - (5 + -5 + -3)?
10
What is the value of -17 + (-2 - 18) + 57?
20
What is 6 - 49 - (310 - 314)?
-39
Evaluate 3 + 8 + -11 + -9 + 3.
-6
Calculate -2 + (-6 - -10 - 6) + (-27 - -30).
-1
What is the value of -5 + (1 - 4) + -1 - -7?
-2
Evaluate -7 + 14 - (9 + 8).
-10
What is 0 - 6 - (-36 + 41)?
-11
What is the value of 18 + (-11 + 14 - 17)?
4
10 + -15 - -5 - -7
7
What is -26 - -9 - (-20 + -2)?
5
-10 - (4 + -1 + (100 - 128))
15
What is 7 + (13 - 12) + 4?
12
What is (3 - (-12 - (-3 + -5))) + (15 - 2)?
20
What is the value of 1 - (-16 - (6 - 20) - -3)?
0
Evaluate 3 + 7 - (8 - (-8 + 6)).
0
13 + (-6 - (0 - -16))
-9
What is the value of -5 + 0 - 1 - (107 - 135)?
22
-6 + -1 - -2 - (25 - 27)
-3
0 - (-5 - -2) - -5 - -1
9
Evaluate -66 + 57 + 17 - (1 - -6).
1
(-1 - (-17 + 8) - 0) + -3 - 12
-7
What is the value of 562 + -559 + (7 - 0)?
10
Evaluate -3 + (-10 - 4) + -187 + 180.
-24
What is (3 - (-4 + 8)) + -6 - (33 - 30)?
-10
Calculate -12 + (-6 - -2) - (-4 - (-1 - -2)).
-11
What is -2 + (-9 - -10 - (2 + 5))?
-8
-5 + 1 + (0 + 8 + -4 - -6)
6
Calculate 12 - (14 - (-22 + 42)).
18
Calculate 5 + 7 + (-1 + -20 - 2).
-11
What is 17 - (-20 - (-13 + -24))?
0
Calculate 20 + (-55 - (4 + -40)).
1
Calculate -1 + 6 + (-28 - (-1 + -3 + -4)).
-15
(-8 - -1) + -8 + 11
-4
Evaluate -8 + 0 + (26 - -16 - 10).
24
What is 6 - (-8 - -6) - 4 - (0 - -6)?
-2
Evaluate (-4 - (-8 - (-12 + -5))) + 8.
-5
Calculate -29 - -26 - (7 - 33).
23
What is 8 + -37 - -7 - (3 + -7)?
-18
What is the value of (1 - (12 - (-1 - -9))) + 38 + -3?
32
What is (19 + -20 - (7 - 11 - -8)) + -22?
-27
What is the value of 23 - (65 + -32) - 11?
-21
Calculate -63 - -45 - (9 + (-20 - 1)).
-6
0 + 12 + -12 + 5
5
What is the value of -28 + (10 - -41) - 5?
18
What is -36 + (14 - -21) + 10?
9
What is -4 + (30 - -1) + 6 + 0?
33
What is the value of (4 + -13 - -6) + (6 - 7)?
-4
-4 - (-16 - (5 - (6 - 2)))
13
71 + -67 + (1 - -5)
10
Evaluate 17 - (9 + 10 + -15 + (7 - 2)).
8
Calculate -35 + 99 - 34 - 28.
2
What is the value of -10 + 3 + -1 + (-36 - -86) + -27?
15
Calculate -63 - -62 - (17 + (-7 - -12)).
-23
Calculate -15 - ((-27 - -29) + -27).
10
Evaluate -2 + (-9 - -12) + -5 - -10.
6
What is the value of 24 + (-59 - -24) - -9?
-2
What is (-5 - -1 - 0) + (2 - (15 + -30))?
13
Evaluate 4 + (2 - 3) + 2 + (-36 - -1).
-30
Calculate -1 + 1 + -2 + 1 - (117 - 110).
-8
What is (6 - -6) + -34 - -5?
-17
What is (-10 - (-1 - (-2 + 5))) + (-2 - 0)?
-8
What is the value of -47 + (6 - (-12 - -8) - -5)?
-32
What is -13 + (-3 + -14 - -36)?
6
Evaluate -15 - (4 - 19 - -16).
-16
Evaluate 0 + -1 + 5 + -16 + 4 + 6.
-2
(-2 - (14 + -2)) + (-35 - (21 - 52))
-18
Calculate (-4 + 6 - -10) + 10 + 1.
23
Calculate (9 - 11) + -7 + -10 + (10 - -18).
9
Calculate 20 - (4 + -3) - 9.
10
What is the value of -1 + -3 + (-3 + -3 - (-34 + 35))?
-11
-3 + 2 + 23 + -4 + -4
14
Evaluate 2 + 5 + (-15 - (-7 + 4 + -17)).
12
What is 1 + -39 - (2085 - 2120)?
-3
Calculate 4 - (-12 - (-12 - -8)).
12
Evaluate -8 + 5 + 2 + -16 + -1 + 10.
-8
Evaluate (-8 - (6 + -10 + -4)) + -10.
-10
Evaluate -18 - (27 + (2 - 19) - (7 + 0)).
-21
Evaluate -6 - (18 + 8 + -5 - 12).
-15
Calculate (-3 - -11) + -29 + 26.
5
Calculate -19 - (17 + -36) - ((-5 - -1) + 2).
2
What is the value of -5 - (-17 - (-12 + -9))?
-9
What is the value of (-19 - (-22 + 15)) + 13?
1
What is -9 + -25 + 16 + 16 + 17 + 1?
16
Calculate 17 + (-28 - -16) + 8.
13
3 - (10 - (-18 + 11))
-14
What is -1 - (-1 + -2 + 6 + -2)?
-2
What is -18 + 13 + -11 - (-1 + -5)?
-10
Calculate -4 - ((9 + -8 - 12) + 22).
-15
(3 - -7 - 33) + (-4 - -5) + 1
-21
2 + (-6 - -11) + (6 - -11) + 6
30
-1115 + 1094 - (-11 - -1)
-11
What is the value of -15 + (52 - 5) + -23?
9
-1 - -5 - (5 + (-8 - 7))
14
What is the value of -2 + 12 - (-8 - (-35 + 32))?
15
What is the value of (-1 - -1) + (-19 - -5 - -20)?
6
What is the value of -5 + 8 + (14 - 8)?
9
Calculate -22 + -2 + (9 - (1 - -16)).
-32
What is the value of -18 + (-9 - (-3 - (3 + -1)))?
-22
Evaluate -5 + 9 + -11 - -18.
11
What is the value of 1 - 1 - 1 - (-10 - -21 - 5)?
-7
Evaluate 2 + -1 + (5 + -6 + 1 - -7).
8
Evaluate 0 + -3 + 4 + (12 - (17 + -20)).
16
Calculate -2 + 11 - (-226 - -237).
-2
3 - (1 - -1) - (-123 - -128)
-4
Evaluate 20 + 1 - (156 + -146).
11
Calculate 6 + 0 - (26 + -29).
9
Calculate -5 + -11 - ((1 - 1) + -7).
-9
-15 + (2 - -3) - (9 + -3 + -7)
-9
(-61 - -5) + (-33 - -66)
-23
What is 23 + 16 + (-14 - 11)?
14
Evaluate (1 - 4) + 42 + -39 + 34 + -52.
-18
What is the value of -6 + 7 + 11 + -3 + 0?
9
What is the value of 4 - (1 - 6) - (12 - (9 + -6))?
0
Evaluate -83 + 105 - (0 + 14).
8
24 + -24 + 9 + 1 + -3
7
Evaluate -7 + 0 - ((-8 - -20 - 24) + 10).
-5
What is -20 - ((-5 - -17) + 8 + -30)?
-10
What is 19 + -1 - (-8 + 14 + 6 + -10)?
16
Evaluate -2 - (1 - (1 - 2) - (325 - 326)).
-5
What is the value of ((-1 - 19) + 10 - 8) + 8?
-10
What is -6 + (-17 - -24) - (-4 + 8)?
-3
What is the value of 4 + -3 + -1 + -1 - (5 + -4)?
-2
(-14 - 29) + 58 - 18
-3
Calculate (127 - 83) + -41 - (-1 + 3).
1
Calculate 1 + -8 + (-2 - 1 - 4) + 30.
16
Calculate -6 + (24 + -11 - 10) - -20.
17
Calculate -5 - (3 - (-3 - -12) - (36 + -41)).
-4
Calculate -1 - (-5 + -1) - (-48 + 37 + 28).
-12
Evaluate (-4 - 2) + (-29 - (-37 - -21)).
-19
-38 + 30 - (-3 + 7)
-12
0 + -43 + 1329 + -1267
19
Calculate (43 - (4 - -11)) + 4 + -7.
25
Calculate -17 + -1 + (-5 - (8 + -25 + 16)).
-22
Calculate (-1 - 9) + (99 - 89) - (-2 - 1).
3
Calculate 3 + 6 + 1 + -7 + 0.
3
11 + 0 + -1 + (17 + -11 - 8)
8
What is 7 + 11 + -10 - (10 + 15)?
-17
Evaluate 12 - (30 + -6) - -14 - 15.
-13
(3 - (3 + 9)) + -61 + 75
5
What is the value of 4 - (70 + -59 - (-4 + 0))?
-11
What is the value of -2 - (13 + (-1 - (5 - -4)) + 2)?
-7
Calculate (10 - 27) + 13 - -11.
7
What is (-3 - (-18 + 9 + 0)) + 3?
9
Calculate 9 + -7 - (-2 + 1 + 4 + 3).
-4
9 + -25 - (1 + -2)
-15
-4 + 5 + 9 + 13
23
What is (6 + -7 - -17) + -5 + -7 + 2?
6
What is -1 + -1 - (-23 - (-50 + 18))?
-11
What is (-59 - -22) + -20 + 29?
-28
What is 0 + 0 - (-47 + 40)?
7
What is the value of -3 + -8 + (-19 - -14 - -12)?
-4
What is 33 - 55 - (-12 - -3)?
-13
What is the value of -5 - -7 - (-1 + 2 + 2)?
-1
What is the value of -14 - -1 - (-6 - -5) - -11?
-1
Evaluate (8 - 6 - 12) + 0 + 6.
-4
What is the value of (6 - 23) + 11 - (-1 - -2)?
-7
Calculate -17 + (37 - 11) - (-1 + 2 + -1).
9
Calculate 53 + -39 - (-14 + 13).
15
What is the value of -3 - (-5 + (-2 - 1 - -15) + -3)?
-7
Evaluate 2 + -3 + -69 + 50 + -15 + 1.
-34
Evaluate -370 + 373 + (1 - (1 + -1)).
4
What is 2 - ((77 - 84) + (1 - 2) + 4)?
6
What is the value of (11 - 4) + -13 + -11?
-17
Evaluate 1 + 4 + 14 + (-1 - (21 + -6)).
3
What is (7 - 5 - (1 - 11)) + -4 + 5?
13
What is the value of -6 + (1 - (0 - -2)) + (116 - 121)?
-12
Evaluate 12 + (-5 - 8) - (-11 + -6 + 4).
12
Calculate 1 + 6 + (0 + -1 + 2 - -1).
9
Calculate 94 + -110 - (-5 + -4 + -3).
-4
What is -1 + -1 + -61 + 49 - (-2 - 4)?
-8
28 + -32 + -11 + 21
6
Calculate 11 +